{"id":694,"date":"2013-03-04T20:51:31","date_gmt":"2013-03-04T20:51:31","guid":{"rendered":"http:\/\/cmpaisagismo.com.br\/?page_id=694"},"modified":"2013-04-08T20:35:16","modified_gmt":"2013-04-08T20:35:16","slug":"even-sohofficetribeca","status":"publish","type":"page","link":"http:\/\/cmpaisagismo.com.br\/index.php\/servicos\/execucao\/even-sohofficetribeca\/","title":{"rendered":"Sohoffice&#038;Tribeca"},"content":{"rendered":"<p>Na regi\u00e3o da Vila Leopoldina, implantamos\u00a0esse jardim de 4000m\u00b2 de \u00e1rea sobre uma laje elevada a 12mts de altura na sua maioria. A estrat\u00e9gia envolveu esteiras elevat\u00f3rias, mini tratores e o afinco da\u00a0 equipe,\u00a0demonstrando\u00a0a nossa capacidade t\u00e9cnica.ngg_shortcode_0_placeholder<\/p>\n","protected":false},"excerpt":{"rendered":"<p>Mais um jardim entregue.<\/p>\n","protected":false},"author":3,"featured_media":600,"parent":65,"menu_order":0,"comment_status":"open","ping_status":"open","template":"page-projetos.php","meta":{"ngg_post_thumbnail":0,"jetpack_post_was_ever_published":false,"footnotes":""},"class_list":["post-694","page","type-page","status-publish","has-post-thumbnail","hentry"],"aioseo_notices":[],"jetpack_sharing_enabled":true,"jetpack_shortlink":"https:\/\/wp.me\/P2hG2h-bc","jetpack_likes_enabled":true,"_links":{"self":[{"href":"http:\/\/cmpaisagismo.com.br\/index.php\/wp-json\/wp\/v2\/pages\/694","targetHints":{"allow":["GET"]}}],"collection":[{"href":"http:\/\/cmpaisagismo.com.br\/index.php\/wp-json\/wp\/v2\/pages"}],"about":[{"href":"http:\/\/cmpaisagismo.com.br\/index.php\/wp-json\/wp\/v2\/types\/page"}],"author":[{"embeddable":true,"href":"http:\/\/cmpaisagismo.com.br\/index.php\/wp-json\/wp\/v2\/users\/3"}],"replies":[{"embeddable":true,"href":"http:\/\/cmpaisagismo.com.br\/index.php\/wp-json\/wp\/v2\/comments?post=694"}],"version-history":[{"count":13,"href":"http:\/\/cmpaisagismo.com.br\/index.php\/wp-json\/wp\/v2\/pages\/694\/revisions"}],"predecessor-version":[{"id":869,"href":"http:\/\/cmpaisagismo.com.br\/index.php\/wp-json\/wp\/v2\/pages\/694\/revisions\/869"}],"up":[{"embeddable":true,"href":"http:\/\/cmpaisagismo.com.br\/index.php\/wp-json\/wp\/v2\/pages\/65"}],"wp:featuredmedia":[{"embeddable":true,"href":"http:\/\/cmpaisagismo.com.br\/index.php\/wp-json\/wp\/v2\/media\/600"}],"wp:attachment":[{"href":"http:\/\/cmpaisagismo.com.br\/index.php\/wp-json\/wp\/v2\/media?parent=694"}],"curies":[{"name":"wp","href":"https:\/\/api.w.org\/{rel}","templated":true}]}}